 Suppose -2*h = -5*y - 5*h + f, 2*y - 3*h = 15. What is the units digit of y?
3
Let w(k) = -2*k - 2. Let p be w(-2). Let t = 30 + p. Let l = t + -21. What is the units digit of l?
1
Let z be 1/3 + 308/(-33). What is the tens digit of 3/(-9) - 300/z?
3
Suppose o - 31 = -5*j, -5*o + 5*j - 3*j = -290. What is the units digit of o?
6
Let m(b) = -b - 3. Let n be m(-8). Suppose n*z - 17 = -2. Suppose 6*o = z*o + 21. What is the units digit of o?
7
Let q be (-141)/21 + (-4)/14. Let x = 12 + q. Suppose d - 2*b = -0*d + 1, 2*b = -x*d + 29. What is the units digit of d?
5
Suppose -2 + 32 = 2*h + 2*t, 3*h + 2*t = 43. What is the units digit of h?
3
Let l(t) = -t**3 - 4*t**2 - t - 7. Let w = 9 + -14. Let p be l(w). Suppose -f - 4*f + h + 31 = 0, -4*h = f - p. What is the units digit of f?
7
Let l(c) = -3*c - 16. What is the units digit of l(-9)?
1
Let j = 57 - -39. What is the tens digit of j?
9
Suppose -2*g + 0*m + 468 = -2*m, -12 = 3*m. What is the tens digit of g?
3
Suppose 8 = 4*z - 8, -z - 32 = -2*v. What is the units digit of 2*v + 0/(-2)?
6
Suppose 0 = -5*a - 0*a + 45. What is the units digit of a?
9
Let k = -153 + 212. What is the units digit of k?
9
Let s = 15 - 11. Suppose 0*d = s*d + 204. Let q = 72 + d. What is the tens digit of q?
2
Let u(j) = -2*j - 3. Let g be u(-3). Suppose 5*w + 22 = 2*c - 2, w - 2 = -g*c. Suppose -c*q + 3*q + 27 = 2*d, 0 = -4*d - 5*q + 75. What is the units digit of d?
5
Let m(i) = -i + 8. Let x be m(5). Suppose 0 = -3*t + 4*s + 50, t + s + 10 = -x*s. What is the tens digit of t?
1
Let b be 12/10*(-10)/(-4). Let k(a) = -2*a - 16 + a**2 + 6 - b*a. What is the units digit of k(7)?
4
Suppose 8 = 4*h - 0*h. Suppose 2*r - 4*r + h*g = -10, -2*r = 2*g - 26. What is the units digit of r?
9
What is the hundreds digit of 372*(2/42 + (-12)/(-42))?
1
What is the hundreds digit of 22*(5 - 7)/(12/(-93))?
3
Let j = 8 + -5. Suppose -z = -j - 7. Let b = -4 + z. What is the units digit of b?
6
Suppose -4*t = -3*h + t + 16, -40 = 5*h + 5*t. What is the tens digit of 16/h*18/(-8)?
1
What is the units digit of 6*87*(-8)/(-36)?
6
Let k(x) = 8 - 7*x + 2*x**2 - 3*x - x**2. Suppose -2*p - 32 = -2*i + 2*p, 0 = -i + 5*p + 25. What is the units digit of k(i)?
8
Let l = 3 + 20. What is the units digit of l?
3
Let g(d) be the second derivative of 7*d**4/24 - d**3/2 - 3*d**2/2 - 3*d. Let b(i) be the first derivative of g(i). What is the units digit of b(2)?
1
Suppose -3*b - 4*b = -378. What is the tens digit of b?
5
Suppose 0 = x - 4, 3*v - 2*x - 2*x + 7 = 0. Suppose 0*p = -m - 2*p + 34, v*p + 57 = 3*m. What is the tens digit of m?
2
Suppose 10*r = 11*r - 58. What is the units digit of r?
8
Suppose -732 = -3*o - 12. What is the units digit of o?
0
Let x(s) = -2*s - 3. Let m be x(-4). Suppose g = -0*g + m. Suppose g*k = 2*k + 12. What is the units digit of k?
4
Let i(k) be the first derivative of -k**2/2 - 2. Let d be i(-4). Suppose d - 1 = 3*z. What is the units digit of z?
1
Suppose 0*r - 3*r = 4*w - 31, -26 = -3*w - 5*r. Suppose 0 = 4*u - w*u - 6. What is the units digit of u + (-3 + 7 - -1)?
3
Suppose 71 - 11 = 3*s. Let j = s + -36. Let u = j + 26. What is the units digit of u?
0
Let j(k) = 30*k - 2. What is the tens digit of j(2)?
5
Suppose -2*f = -29 - 43. What is the units digit of f?
6
Suppose -2*u = -4*u + 18. Suppose 0 = -3*b - 0 + u. Let h = b + 0. What is the units digit of h?
3
Let c be ((-17)/(-2))/(1/10). Suppose x = -4*x + c. Suppose 5*w + x = -g, -3*w + 4 + 13 = 4*g. What is the units digit of g?
8
Suppose -4*h - 20 = 0, 6 + 0 = -v - 2*h. Let i(b) = b**2 - 6*b - 4. Let k be i(7). Suppose t - v - k = 0. What is the units digit of t?
7
Suppose -3*u + 4*j = -4, u + 4*j = 18 - 6. Let q(o) = 7*o + 2. Let c be q(u). Suppose k - 5*d = c, 4 = 3*k + 3*d - 14. What is the tens digit of k?
1
Suppose 3*a - 54 = 3*r, 5*r - 69 = -3*a + 3*r. What is the units digit of a?
1
Suppose 1 = 3*g - 4*g. Let f(r) = 15*r**2 + 2*r + 1. What is the units digit of f(g)?
4
Suppose 2*q - 25 = -7. Let c = -2 - 3. Let f = q + c. What is the units digit of f?
4
Suppose -3*f + 89 = -5*p - 2*f, -5*p + 5*f = 85. Let a be 310/6 - 6/p. Suppose a = -0*q + 4*q. What is the units digit of q?
3
Let q be 6/(-3)*(2 - 5). Suppose q*o - 11*o = 0. Suppose o = l + 2*l - 42. What is the units digit of l?
4
Let y be ((-6)/(-2))/(-1) + -19. What is the tens digit of 2/(64/y + 3)?
2
Let y(l) = 2*l - 5*l**2 + 4 - l + 2*l. Let c(k) = -6*k**2 + 2*k + 5. Let i(u) = -4*c(u) + 5*y(u). What is the units digit of i(6)?
6
Suppose 0 = 2*r + 5*c - 25 - 11, -5*r + 4*c = -156. What is the units digit of r?
8
Suppose 0 = -3*c + 3*l + 486, 2*l + 8 = 4*l. What is the tens digit of c?
6
What is the tens digit of (-3)/21 + (-452)/(-28)?
1
Let i(f) = f**2 - 6*f + 8. What is the tens digit of i(13)?
9
Let z(v) = v - 2. Let t be z(5). Suppose -4*r = 2*h + 2*h + 4, t*h + 2*r + 6 = 0. Let n(u) = -u**3 - 5*u**2 - 4*u + 3. What is the units digit of n(h)?
3
Let s be -73 - (0 - -1 - -2). Let y = s - -113. What is the tens digit of y?
3
Let x(j) = -2*j - 6. Let l be x(-3). Let w = l + 6. What is the units digit of w?
6
Let m = -42 - -81. What is the units digit of m?
9
Suppose 0 = -3*n - 2*n + 195. Let d = n - -7. What is the units digit of d?
6
Let a = 1 + 2. Suppose -5*x - 2 - a = 0. What is the tens digit of ((-51)/(-6))/(x/(-2))?
1
Let b be ((-16)/(-20))/((-2)/(-125)). Let o = -31 + b. Let v = o + -9. What is the tens digit of v?
1
Suppose -2*g = d - 12, 4*d - 18 = -2*g - 0. Suppose 88 - 453 = -g*a. Suppose u + 3*u + 3*p - a = 0, -5*p - 1 = -u. What is the tens digit of u?
1
What is the tens digit of 2/((-4)/((-48)/5))*10?
4
Let m(n) be the second derivative of 1/20*n**5 + 0*n**3 - n + 0 - n**2 + 1/4*n**4. What is the units digit of m(-2)?
2
Let t(g) = -g**3 + 3*g**2 - 4*g. Let x be t(-3). Suppose -3*l = -0*l - x. What is the tens digit of l?
2
Let p(w) be the second derivative of -w**4/12 - 13*w**3/6 - 3*w**2 - 3*w. What is the units digit of p(-10)?
4
Suppose 3*m = 8*m + 30. Let h(r) = r**3 + 6*r**2 - 4*r - 8. Let s be h(m). What is the units digit of 188/s - 2/(-8)?
2
Let i(f) = f**2 + 4*f + 6. What is the hundreds digit of i(-12)?
1
Let n be 158/8 + 5/20. Suppose 8*j - n = 4*j. What is the units digit of (8/j)/(1/5)?
8
Let y(s) = -8*s + 8. Let l be y(4). What is the units digit of (60/(-24))/(2/l)?
0
Suppose 4*r - 6*r = -t + 335, 3*t = -4*r + 985. What is the units digit of t?
1
Suppose 2*b = 58 + 38. Suppose -b = -y - 2*y. What is the units digit of y?
6
Suppose -5*s = -490 - 930. What is the units digit of s?
4
Let u(z) = -z + 17. What is the units digit of u(16)?
1
Let r = 6 - 3. Suppose 6*j - j = -r*o + 29, 0 = 5*j + 10. What is the units digit of o?
3
Suppose -4*k = -q - 304, -2*q - 185 + 33 = -2*k. What is the units digit of k?
6
Suppose -s - 9 = -3*a, -2*a + 4*s = -6 - 0. Suppose -5*o + 61 = -2*h + 4*h, -3*o - a*h = -42. What is the tens digit of o?
1
Suppose -d = -5*q - 250, 1223 = 5*d + 2*q - 0*q. What is the tens digit of d?
4
Suppose -3*w - b = -3*b - 314, -3*w + 317 = -5*b. What is the hundreds digit of w?
1
Let f = 24 + 2. What is the tens digit of f + (-4)/(-2)*-1?
2
Suppose 0 = -5*t + 2*x + 6, 4*x - 14 = -3*t - 0*x. Let z be t + 0 + (-1)/1. What is the units digit of 2 + (-3 - z*-10)?
9
Suppose 5*i = 5*v - 70, 4*v = -i - 4*i + 20. Suppose -v = -3*k + 26. Suppose -f + k = -0*f. What is the tens digit of f?
1
Let m = 148 + 2. Suppose -6 - m = -4*j. What is the tens digit of j?
3
Suppose -57 = -3*y + 3*b + 246, 0 = -5*b + 25. What is the hundreds digit of y?
1
Let h(z) = -z**2 + 18*z - 12. What is the units digit of h(15)?
3
Suppose -w - 92 = -5*w. Let i = 41 - w. Suppose -2*l = -i + 2. What is the units digit of l?
8
Suppose -200 = -4*w + 5*d, -4*w - 3*d + 41 = -127. What is the tens digit of w?
4
Let a be 2/(-4) - (-21)/2. Suppose 2*l - 4*v - 26 = 0, 2*v + 5 - a = -5*l. Suppose 0 = l*n - 2*n - 5. What is the units digit of n?
5
Suppose -32 = -4*m + 4*a, 3*m = a - 9 + 23. Suppose -2*g = m*g - 3*r + 8, -r = -3*g - 4. What is the units digit of g - -4 - (4 + -10)?
9
Suppose -4*o + 11 = -13. What is the units digit of o?
6
Let v(o) be the second derivative of o**5/20 + 3*o**4/4 - 5*o**3/3 + 4*o**2 + 2*o. What is the units digit of v(-10)?
8
Let h(n) be the first derivative of n**2/2 + 32*n 